**3/2 - 6*d**2. Let q be c(-9). Calculate the highest common divisor of 22 and q.
22
Let c be (1/3)/(60/8640). Calculate the highest common factor of 48 and c.
48
Let p(s) = -13*s - 59. Let h be -5 + 3 - (10 - (-1 + 0)). Let g be p(h). Calculate the greatest common factor of 44 and g.
22
Let n(w) = -w**3 + w**2 + 9*w - 4. Let h be n(-3). Suppose -h*x - 4 = -29. Calculate the highest common divisor of 20 and x.
5
Let b be (-1)/((-18)/(-12) + -1) + 1426. What is the greatest common factor of 16 and b?
16
Let c be 2*1*2/4. Let t = 1 + 1. Suppose 0*o + 2*o = t. Calculate the highest common divisor of c and o.
1
Let u = 19 - 23. Let y = 0 - u. Calculate the highest common factor of 36 and y.
4
Suppose 72 = 51*p - 47*p. Calculate the highest common factor of 186 and p.
6
Suppose -16*n + 5*j = -15*n - 36, -5*n = 2*j - 234. Calculate the highest common factor of n and 46.
46
Let d(y) = -y**3 + 12*y**2 - 4*y - 8. Let w be 3 + 9/(-3) - -6. Let u be d(w). Let p be (u/3)/(2/6). Calculate the highest common factor of p and 23.
23
Let f = -6 + -24. Let z = -28 - f. Suppose 0 = -z*q + 33 - 5. What is the highest common factor of 98 and q?
14
Suppose 9*r - 13*r = -72. Suppose u - r - 222 = 0. What is the highest common factor of u and 30?
30
Let h(m) = m - 4. Let b be h(7). Suppose 0*k - 3*k = 2*f - 293, -b*f = -k + 83. Let i be 2/(-11) + 1194/33 + 2. What is the highest common divisor of k and i?
19
Suppose 0 = -4*b - 6*b + 7*b. Let h be ((-5)/((-30)/33) + b)*10. What is the greatest common divisor of h and 11?
11
Let z(l) = 2*l**2 - 2*l - 1. Let i be z(5). Calculate the greatest common factor of 221 and i.
13
Suppose -m = -0 - 48. Suppose m = 3*a + 3*a. Let y(d) = 5*d - 1. Let b be y(1). What is the greatest common divisor of b and a?
4
Suppose 4*b + b = 105. Let f be (3/9)/(7/b). What is the greatest common factor of f and 8?
1
Suppose -3*b - u + 52 = 0, -48 = 8*b - 10*b - 4*u. Calculate the highest common divisor of 152 and b.
8
Suppose 3*a - 2 = 1. Suppose -21 + a = -2*t. Let b = -90 + 105. Calculate the greatest common factor of b and t.
5
Let g be (-6)/(-8) - 884/(-208). Suppose -q + 6 = 3*d + 1, 5*q + 2*d - 90 = 0. Calculate the greatest common divisor of q and g.
5
Suppose w - 40 = 5*f, -3*w + 0*f + 110 = -5*f. Let q = -24 + w. What is the highest common factor of q and 88?
11
Suppose 4*l = 3*p - 332, -452 = -4*p - 7*l + 3*l. Suppose -2*g + 9 = 13. Let o be 216/15 + g/5. What is the highest common factor of o and p?
14
Suppose -2*p + 5 = -p. Suppose -5*l + 137 = 3*u, 5*u + 39 = 6*u - p*l. What is the highest common divisor of 66 and u?
22
Suppose 4*n - 12 = -3*f, -2*n = 2*n - 3*f - 12. Let k be 29 - (0 + n)*-1. Let p(o) = 15*o + 1. Let x be p(1). Calculate the greatest common divisor of k and x.
16
Let b = -110 + 134. What is the greatest common factor of 48 and b?
24
Let r(i) = i**3 - 9*i - 6. Let a be r(-6). Let d be (5/(-3))/(7/a). What is the greatest common divisor of 5 and d?
5
Suppose -g + 18 = g. Let m(s) = s**2 - 1 - s**2 + 0 - 7*s + s**2. Let x be m(g). What is the greatest common divisor of 17 and x?
17
Let n(b) = -b - 1. Let f(w) = 24. Let g(t) = -f(t) - 3*n(t). Let k be g(17). What is the greatest common divisor of k and 20?
10
Let i = -570 - -682. What is the highest common divisor of 364 and i?
28
Let w(c) = c**2 + 3*c + 5. Let q be w(-4). Let d(k) = -3*k + 33. Let p be d(-16). Calculate the greatest common factor of p and q.
9
Let n(z) = 0*z - 4*z - 3*z**2 - 2 + 1. Let u be n(4). Let y = 19 - u. What is the greatest common factor of 21 and y?
21
Let i(s) = -s**3 + 6*s**2 + 8*s + 2. Suppose 5*x = -0*x. Suppose h - 4 - 3 = x. Let f be i(h). Calculate the highest common divisor of f and 81.
9
Let x = 106 + -108. Suppose 3*a - 10 = -1. Let o = x + a. What is the highest common divisor of o and 7?
1
Let b(t) = -2*t**2 + 175*t - 188. Let a be b(84). Calculate the highest common divisor of a and 100.
100
Let y be ((-18)/(-72))/((-1)/(-16)). Suppose -2*b - 3*h + 21 = 0, 0 = -b - h - y*h + 28. Let c = b + 3. What is the highest common factor of 9 and c?
3
Suppose o = -4*g - 27, 6*g - 5*g = o + 2. Let a(j) = j**2 + 7*j + 3. Let c be a(o). Calculate the highest common factor of 27 and c.
3
Let z(s) = s**3 + 19*s**2 + 12*s - 12. Let g be z(-15). Suppose -5*v + 4*i + g = 0, -5*i = -12 - 3. Calculate the greatest common factor of 18 and v.
18
Let a(t) = 33*t - 5. Let k(y) = 7*y + 1. Let u be k(0). Let f be a(u). Calculate the highest common divisor of f and 7.
7
Suppose -3*t = 3*i - 24, 45 = i - 4*t + 17. Calculate the greatest common divisor of i and 33.
3
Let v(j) = j**2 + j + 5. Let i be v(8). Suppose l = 1, -44 = -4*y + 5*l - 5. What is the highest common divisor of i and y?
11
Suppose 42*a - 219 - 75 = 0. What is the greatest common divisor of a and 77?
7
Suppose -8*o + 3*o = -130. Suppose 4*a = 20, 9*l = 7*l - 3*a + 27. Suppose -l*u + 67 = 4*d - 9*u, -2*d = 3*u - 11. What is the highest common factor of d and o?
13
Let q be 1*0/(-1 - 1). Let x(j) = j**3 - j + 19. Let f be x(q). Suppose -23 = -5*b + u + f, -4*u = 2*b - 8. What is the highest common factor of 40 and b?
8
Suppose -165 = 5*z - 5*m, 30 + 49 = -3*z - m. Let l = -19 - z. Calculate the highest common divisor of l and 6.
3
Suppose -2*x + r + 10 = 0, 0 = 4*x - 7*x - 5*r + 15. Suppose -29 = -x*w - 3*g + 88, -4*w + 4*g = -68. What is the greatest common divisor of 84 and w?
21
Suppose -5*o - 598 = 212. Let i be 7/(-28) + o/(-8). Let c = 757 + -537. What is the highest common divisor of c and i?
20
Suppose -2*d - 9 = d. Let x be 10/(-2 - d) + 0. What is the highest common divisor of x and 10?
10
Suppose -5*v = -4*w - 3*v - 30, 2*w = 5*v - 3. Let t(i) = i**3 + 9*i**2 + 20. Let o be t(w). Calculate the highest common divisor of o and 220.
20
Let r be (5 - 2*-1) + -2. Suppose -504 - 81 = -r*t. Let j = 1328 - 1315. What is the greatest common factor of j and t?
13
Let g be (2/(-4))/(2/(-448)). Let o be 5/10*(-1 + 1). Suppose o = -16*s + 12*s + 64. What is the greatest common divisor of g and s?
16
Let f be -4 - 1211/(-21) - (-2)/6. Calculate the greatest common divisor of f and 81.
27
Suppose 5*n + 2322 = 6172. Suppose n = -4*t + 9*t. Suppose 638 + t = 3*a. What is the highest common divisor of a and 24?
24
Let f be 1852/42 - 2/21. Calculate the greatest common factor of 88 and f.
44
Suppose 6 + 2 = 2*u. Let b be 33 - 0 - (u + -1). Suppose b = -3*v + 180. What is the highest common divisor of v and 10?
10
Let r be (-2)/1 + 3 - 42. Let w be (-35 - r)/(1 - (-2 - -1)). What is the greatest common factor of w and 9?
3
Let k be 0 + -1 + 1 + 9. Let s be (-22)/(-4)*(-8 + (k - -1)). What is the highest common divisor of 11 and s?
11
Let p be 390/7*(17 + (10 - 13)). Calculate the highest common divisor of 60 and p.
60
Let x(b) = 3*b + 3. Let o be x(4). Let j be 3/(-12)*-20*(-6)/(-5). Let d(q) = 24*q - 69. Let a be d(j). What is the highest common factor of a and o?
15
Let i = -421 - -445. What is the highest common factor of i and 216?
24
Let z(v) = -2*v**3 - 21*v**2 - 9*v + 13. Let b be z(-10). Suppose 0 = 2*j - 4*j - 3*s + 39, -b*s - 87 = -4*j. What is the highest common factor of j and 3?
3
Let h(k) = 7*k + 10. Let b be h(-2). Let r(c) = 2*c**2 - 5*c. Let s be r(b). What is the greatest common divisor of s and 39?
13
Let t(o) = -o**3 + 9*o**2 - 15*o - 11. Let v be t(6). Calculate the highest common factor of 5 and v.
1
Let o be 148/2 - -1*2. Suppose 0 = -4*c + o + 44. Suppose 3*b - 80 = -5*b. What is the highest common divisor of c and b?
10
Let u be 1*0/(-2 - -6). Suppose 2*k + u*k = 0. Suppose k = 2*c - c - 22. Calculate the greatest common factor of c and 11.
11
Suppose 0 = -4*w + 3 + 49. Let b = w + -7. Calculate the highest common factor of b and 18.
6
Let m(j) = j**3 - 4*j**2 - 5*j + 3. Let p be -10*(3 + 35/(-10)). Let d be m(p). Suppose 0 = 2*g - d*g + 24. What is the highest common factor of g and 168?
24
Suppose -18 = 2*p - 4*b, 0*p = 2*p + 4*b + 26. Let w = p - -24. Suppose -k + w = 1. What is the highest common divisor of 4 and k?
4
Suppose -44*t = -36*t - 736. Let h be (3 - (-45)/(-6))*-12. Let a = 77 - h. What is the greatest common factor of t and a?
23
Let t be (-22)/6 - (-2)/(-6). Let q be ((-1)/(-3))/(t/(-36)). Suppose -155 = -5*j + l, -145 = -q*j - 2*j - l. What is the highes